 the billions digit of 2169660712?
2
What is the thousands digit of 1641474191?
4
What is the hundred millions digit of 172430501?
1
What is the ten thousands digit of 18574045?
7
What is the thousands digit of 1377758369?
8
What is the hundreds digit of 277607083?
0
What is the hundreds digit of 1327367037?
0
What is the ten millions digit of 186678541?
8
What is the hundreds digit of 148229651?
6
What is the units digit of 3760700316?
6
What is the billions digit of 2853040144?
2
What is the ten millions digit of 13689380?
1
What is the thousands digit of 240344301?
4
What is the hundred thousands digit of 188375535?
3
What is the tens digit of 1051248278?
7
What is the hundreds digit of 1702916383?
3
What is the hundred thousands digit of 1709153605?
1
What is the hundred thousands digit of 234136224?
1
What is the billions digit of 1428726847?
1
What is the tens digit of 2318353?
5
What is the units digit of 365832552?
2
What is the ten thousands digit of 601815782?
1
What is the thousands digit of 43966941?
6
What is the ten millions digit of 69072919?
6
What is the ten thousands digit of 98740941?
4
What is the ten thousands digit of 137132727?
3
What is the hundred thousands digit of 19040071?
0
What is the millions digit of 53265366?
3
What is the thousands digit of 191471263?
1
What is the units digit of 753471317?
7
What is the ten millions digit of 342193647?
4
What is the ten millions digit of 94688371?
9
What is the tens digit of 181014227?
2
What is the hundred thousands digit of 44612033?
6
What is the hundreds digit of 1238322285?
2
What is the units digit of 17945842?
2
What is the units digit of 281154364?
4
What is the tens digit of 742764693?
9
What is the ten thousands digit of 111660294?
6
What is the hundred thousands digit of 18860835?
8
What is the millions digit of 148724524?
8
What is the tens digit of 119736832?
3
What is the ten millions digit of 6163752259?
6
What is the billions digit of 4539284476?
4
What is the units digit of 5587194709?
9
What is the millions digit of 14192492?
4
What is the millions digit of 92282551?
2
What is the millions digit of 142846842?
2
What is the hundred thousands digit of 41096662?
0
What is the thousands digit of 1187099570?
9
What is the ten thousands digit of 263012060?
1
What is the thousands digit of 17920953?
0
What is the ten thousands digit of 18856771?
5
What is the units digit of 2449356438?
8
What is the thousands digit of 287156435?
6
What is the tens digit of 60656292?
9
What is the units digit of 1427902729?
9
What is the millions digit of 3003175005?
3
What is the millions digit of 73464510?
3
What is the tens digit of 53896372?
7
What is the hundred thousands digit of 86416897?
4
What is the thousands digit of 3849549499?
9
What is the ten thousands digit of 3160329040?
2
What is the thousands digit of 301722374?
2
What is the hundred millions digit of 108164239?
1
What is the thousands digit of 44756396?
6
What is the thousands digit of 67440942?
0
What is the thousands digit of 99052996?
2
What is the hundred thousands digit of 96078668?
0
What is the millions digit of 72375013?
2
What is the hundred millions digit of 206255384?
2
What is the hundred millions digit of 933468584?
9
What is the millions digit of 2378223801?
8
What is the hundreds digit of 109365296?
2
What is the ten thousands digit of 587002518?
0
What is the ten thousands digit of 49837537?
3
What is the thousands digit of 1435619?
5
What is the tens digit of 212008419?
1
What is the hundreds digit of 1399492607?
6
What is the ten thousands digit of 1989604301?
0
What is the units digit of 114769054?
4
What is the hundreds digit of 7810753771?
7
What is the hundreds digit of 427371767?
7
What is the ten thousands digit of 118608188?
0
What is the units digit of 39569191?
1
What is the units digit of 165213364?
4
What is the thousands digit of 8308599054?
9
What is the ten millions digit of 41564720?
4
What is the hundred millions digit of 240177529?
2
What is the hundreds digit of 31799560?
5
What is the millions digit of 2080923276?
0
What is the billions digit of 1001980740?
1
What is the millions digit of 107460447?
7
What is the thousands digit of 109608507?
8
What is the millions digit of 2474643?
2
What is the hundreds digit of 171759153?
1
What is the thousands digit of 189012535?
2
What is the hundred millions digit of 112673477?
1
What is the units digit of 106662384?
4
What is the thousands digit of 706065406?
5
What is the tens digit of 130925964?
6
What is the units digit of 5241285681?
1
What is the ten millions digit of 20290131?
2
What is the hundred thousands digit of 1836633752?
6
What is the tens digit of 147555462?
6
What is the thousands digit of 125112696?
2
What is the millions digit of 1443460677?
3
What is the units digit of 199740446?
6
What is the thousands digit of 404399162?
9
What is the units digit of 827230141?
1
What is the ten millions digit of 54363924?
5
What is the thousands digit of 3167984?
7
What is the ten millions digit of 2809680971?
0
What is the ten thousands digit of 245199586?
9
What is the units digit of 502165347?
7
What is the hundred millions digit of 368177303?
3
What is the tens digit of 77048058?
5
What is the hundred thousands digit of 2310879325?
8
What is the ten millions digit of 848239107?
4
What is the ten thousands digit of 12917726?
1
What is the tens digit of 28657996?
9
What is the millions digit of 674668599?
4
What is the thousands digit of 1518776651?
6
What is the thousands digit of 183955254?
5
What is the units digit of 359886946?
6
What is the ten millions digit of 44451169?
4
What is the hundreds digit of 39426232?
2
What is the units digit of 265177294?
4
What is the millions digit of 52711268?
2
What is the tens digit of 386433735?
3
What is the hundreds digit of 87296161?
1
What is the units digit of 275298259?
9
What is the ten thousands digit of 1021667984?
6
What is the tens digit of 17752530?
3
What is the thousands digit of 3557104300?
4
What is the ten millions digit of 703013017?
0
What is the tens digit of 90050637?
3
What is the hundred thousands digit of 242157313?
1
What is the ten thousands digit of 520362255?
6
What is the hundred thousands digit of 9120747?
1
What is the hundreds digit of 741647666?
6
What is the tens digit of 4888396167?
6
What is the millions digit of 78199978?
8
What is the ten thousands digit of 240874770?
7
What is the hundred thousands digit of 37487923?
4
What is the thousands digit of 3685641290?
1
What is the thousands digit of 20557666?
7
What is the ten thousands digit of 95063745?
6
What is the tens digit of 19454108?
0
What is the units digit of 1726645820?
0
What is the hundred thousands digit of 30590465?
5
What is the thousands digit of 169818515?
8
What is the units digit of 22760422?
2
What is the tens digit of 42012358?
5
What is the ten millions digit of 7401663716?
0
What is the millions digit of 962267278?
2
What is the tens digit of 203243474?
7
What is the units digit of 283016427?
7
What is the millions digit of 89256338?
9
What is the hundreds digit of 1766192732?
7
What is the millions digit of 25205672?
5
What is the hundred thousands digit of 996861408?
8
What is the tens digit of 222225594?
9
What is the millions digit of 21775573?
1
What is the hundreds digit of 220868625?
6
What is the hundreds digit of 255280557?
5
What is the ten thousands digit of 8063558?
6
What is the millions digit of 1493928471?
3
What is the hundreds digit of 437238458?
4
What is the tens digit of 29149888?
8
What is the hundred thousands digit of 576418421?
4
What is the billions digit of 1622781276?
1
What is the hundred thousands digit of 6156676584?
6
What is the ten millions digit of 29254742?
2
What is the tens digit of 2085382078?
7
What is the hundreds digit of 246109716?
7
What is the ten millions digit of 584039719?
8
What is the hundreds digit of 33812631?
6
What is the ten thousands digit of 79154441?
5
What is the hundred thousands digit of 6120818?
1
What is the hundreds digit of 572288485?
4
What is the millions digit of 17659025?
7
What is the ten millions digit of 451127791?
5
What is the hundreds digit of 135985386?
3
What is the hundreds digit of 288207760?
7
What